lculate the greatest common divisor of 1207 and 3625828.
1207
What is the greatest common factor of 1079 and 14359?
83
Calculate the highest common factor of 243 and 43983.
243
What is the highest common divisor of 351 and 126009?
351
Calculate the greatest common factor of 222449 and 6697.
181
Calculate the greatest common factor of 648 and 3456.
216
What is the greatest common factor of 10146 and 1938?
114
Calculate the greatest common factor of 218115 and 45.
45
What is the greatest common factor of 161508 and 36?
12
What is the highest common divisor of 209 and 215213?
19
What is the highest common factor of 41191 and 1241?
17
What is the greatest common divisor of 31392 and 4608?
288
What is the greatest common divisor of 30558 and 3582?
6
What is the greatest common factor of 308 and 21868?
308
What is the highest common factor of 40 and 22416?
8
What is the greatest common factor of 36507 and 645?
129
What is the greatest common factor of 312 and 17121?
39
Calculate the greatest common factor of 1304279 and 2012.
503
What is the highest common factor of 4182 and 474?
6
Calculate the highest common divisor of 12 and 3669.
3
Calculate the highest common divisor of 16230 and 60.
30
What is the highest common divisor of 7412 and 8720?
436
Calculate the greatest common divisor of 28743 and 33.
33
Calculate the greatest common factor of 5600 and 277900.
700
What is the highest common factor of 760 and 18?
2
What is the greatest common factor of 5243 and 55468?
49
What is the greatest common divisor of 479831 and 482?
241
Calculate the greatest common divisor of 255 and 1868385.
255
Calculate the highest common factor of 7117 and 33.
11
Calculate the highest common factor of 137040 and 10560.
240
What is the greatest common divisor of 104 and 6568?
8
What is the highest common factor of 91 and 1154699?
91
What is the greatest common factor of 9269029 and 357?
119
Calculate the highest common divisor of 494007 and 531.
177
Calculate the highest common factor of 1404 and 13208.
52
What is the highest common factor of 37 and 204499?
37
What is the greatest common factor of 13912 and 29704?
376
Calculate the highest common divisor of 916 and 30686.
458
What is the highest common divisor of 224 and 19873?
7
Calculate the highest common divisor of 185 and 4645.
5
What is the highest common factor of 4 and 6694?
2
Calculate the greatest common divisor of 117448 and 1590.
106
What is the highest common factor of 19 and 350113?
19
Calculate the greatest common factor of 1331 and 688490.
121
Calculate the greatest common divisor of 78 and 15048.
6
What is the highest common factor of 16473 and 391?
17
What is the highest common divisor of 2668015 and 62?
31
Calculate the highest common factor of 267 and 54557.
89
What is the highest common divisor of 1980 and 2232252?
396
What is the highest common factor of 98402 and 2?
2
Calculate the highest common factor of 776 and 777164.
388
What is the highest common divisor of 86526 and 81?
9
Calculate the greatest common factor of 11914 and 2760.
46
What is the greatest common divisor of 3735 and 56205?
45
What is the highest common divisor of 341147 and 1695?
113
What is the highest common divisor of 657 and 981?
9
What is the greatest common divisor of 7 and 58807?
7
Calculate the highest common factor of 690538 and 758.
758
Calculate the highest common factor of 1596 and 1554.
42
What is the highest common factor of 16 and 488552?
8
What is the greatest common divisor of 164 and 354404?
164
Calculate the greatest common divisor of 25482 and 1209.
93
Calculate the highest common factor of 1713 and 677206.
571
Calculate the greatest common divisor of 252 and 141132.
12
What is the greatest common factor of 592695 and 45?
45
Calculate the highest common divisor of 376 and 10763.
47
What is the highest common factor of 123139 and 19?
19
What is the highest common divisor of 45314 and 326?
326
Calculate the highest common divisor of 276 and 258658.
46
Calculate the greatest common factor of 280 and 28.
28
What is the highest common factor of 56 and 5138?
14
What is the greatest common factor of 2635 and 185535?
155
What is the highest common divisor of 638 and 15718?
58
What is the highest common factor of 805 and 45?
5
What is the greatest common factor of 86755 and 35?
5
Calculate the greatest common factor of 300 and 32625.
75
Calculate the greatest common divisor of 72 and 117036.
36
What is the highest common factor of 179508 and 168?
84
What is the greatest common factor of 2620222 and 22?
22
Calculate the highest common factor of 153420 and 450.
30
What is the greatest common factor of 2815 and 491499?
563
What is the highest common factor of 62 and 449066?
62
Calculate the greatest common factor of 7488 and 1508.
52
Calculate the highest common divisor of 334190 and 23.
23
Calculate the highest common factor of 216 and 4149576.
216
Calculate the highest common divisor of 138542 and 318.
106
Calculate the greatest common factor of 70992 and 17.
17
What is the greatest common divisor of 11360 and 101885?
355
Calculate the greatest common divisor of 67555 and 1180.
295
Calculate the highest common divisor of 5928 and 216.
24
What is the greatest common factor of 27297 and 6740?
337
What is the highest common divisor of 5055 and 903834?
1011
What is the highest common divisor of 899 and 2480?
31
What is the highest common factor of 684301 and 17?
17
Calculate the highest common factor of 2902190 and 15.
5
Calculate the highest common divisor of 1050 and 749.
7
What is the greatest common divisor of 41218 and 148?
74
Calculate the greatest common divisor of 170 and 66266.
34
Calculate the greatest common divisor of 240813 and 15856.
991
What is the highest common divisor of 305724 and 37668?
876
What is the highest common divisor of 50 and 851750?
50
What is the greatest common divisor of 33 and 30930?
3
What is the highest common divisor of 660 and 37356?
132
What is the greatest common divisor of 8190 and 405?
45
What is the greatest common factor of 313 and 355255?
313
What is the highest common factor of 312554 and 22?
22
Calculate the greatest common factor of 133 and 14.
7
Calculate the greatest common divisor of 15793113 and 42.
21
What is the greatest common divisor of 34545 and 441?
147
What is the greatest common factor of 246 and 113734?
82
What is the highest common factor of 8184302 and 14?
14
Calculate the highest common divisor of 92 and 3703.
23
What is the highest common divisor of 6276 and 20?
4
Calculate the highest common factor of 36910 and 40.
10
What is the highest common divisor of 8631 and 26989?
137
Calculate the highest common factor of 21 and 379057.
7
Calculate the greatest common divisor of 41259 and 38023.
809
Calculate the highest common divisor of 175615 and 220.
55
Calculate the highest common divisor of 2796 and 96.
12
Calculate the greatest common factor of 1252 and 1616645.
313
What is the greatest common factor of 7462 and 12628?
574
What is the greatest common factor of 25156 and 931?
19
What is the highest common divisor of 240 and 17170?
10
Calculate the highest common factor of 193 and 67357.
193
Calculate the greatest common factor of 1860282 and 144.
18
Calculate the highest common factor of 294 and 14658.
42
What is the highest common divisor of 125006 and 42?
14
Calculate the greatest common divisor of 12 and 1360092.
12
Calculate the greatest common divisor of 1432665 and 1612.
403
What is the greatest common divisor of 180924 and 48?
12
Calculate the greatest common divisor of 151604 and 20331.
251
What is the highest common factor of 32 and 13312?
32
What is the highest common divisor of 667876 and 13244?
1892
What is the highest common divisor of 41170 and 2?
2
What is the highest common factor of 8 and 92696?
8
What is the highest common divisor of 51750 and 2530?
230
Calculate the highest common divisor of 305015 and 265.
265
What is the highest common divisor of 112 and 22016?
16
What is the highest common factor of 1238586 and 102?
102
What is the greatest common divisor of 616 and 7784?
56
Calculate the highest common divisor of 1518 and 10824.
66
What is the greatest common divisor of 279726 and 6762?
138
Calculate the greatest common factor of 31229